 0 + n. What is the units digit of i?
1
Let c = 29 - 20. What is the units digit of c?
9
Let u be 1*(4 + 1 + 0). Let q(c) = -15*c**3 - c**2 - 4*c. Let n(p) = -p**3 - p. Let b(d) = u*n(d) - q(d). What is the units digit of b(1)?
0
Let v(l) = 51*l + 24. What is the hundreds digit of v(4)?
2
Let c = 2 + -1. What is the units digit of 2 + (10*c)/2?
7
Let q(y) = y**2 + 5*y - 10. What is the units digit of q(7)?
4
Let d(b) = b**2 + 2*b - 5. What is the units digit of d(6)?
3
Let c be 30 - 4*2/4. Suppose -c = -2*s - 0*s. Let p = -8 + s. What is the units digit of p?
6
Suppose -u = -2*t - 3*t - 23, 4*t + 22 = 2*u. Suppose -2*i = i - u. What is the units digit of i?
1
Suppose -4*s + 156 = -w, 2*w + 133 = 3*s + 11. What is the tens digit of s?
3
Suppose -2*q + 82 = 28. Let p = 15 - q. Let g = 22 + p. What is the units digit of g?
0
Let v = 173 + -157. What is the tens digit of v?
1
Let o(n) = n. Let u be o(3). Let b = u + -5. Let g = 5 + b. What is the units digit of g?
3
Suppose 3*b + 15 = 36. Let j = 18 - b. What is the units digit of j?
1
Suppose 0 = -o - 0 + 2. Suppose -1 = -o*m + 1. Suppose -2*i = -m - 1. What is the units digit of i?
1
Let r(t) = t**3 + 6*t**2 + 5*t - 2. Let h be r(-4). What is the units digit of ((-16)/10)/((-4)/h)?
4
Suppose -g + 2 = -0. Suppose -g - 10 = -4*u. Suppose -5*j + 0*j - 59 = -4*c, u*j = 4*c - 69. What is the tens digit of c?
2
Suppose 0 = -3*z + 4*z - 5. Suppose 0 = -5*t + 4*b + 51, z*t + 4*b - 19 = -0. Suppose 0 = -m - 0 + t. What is the units digit of m?
7
Suppose 0 = 2*q - 62 - 4. What is the units digit of q?
3
Suppose 0*j + 4*j = 0. Suppose j = 3*x + 2*x - 125. What is the units digit of x?
5
Let y = 7 + -13. What is the units digit of (8/y)/((-8)/264)?
4
Suppose 3*t = 3*w - 63, 30 = -3*w + 5*w + 2*t. Let f = 38 - w. What is the units digit of f?
0
Let j(y) be the first derivative of -y**4/4 - 8*y**3/3 - 4*y**2 + 6*y + 2. Let k be ((-26)/52)/((-1)/(-14)). What is the units digit of j(k)?
3
Let p = -334 + 603. What is the hundreds digit of p?
2
Let u(n) be the first derivative of n**4/4 - 2*n**3 - 3*n**2 - 4*n - 1. Let l(d) = d + 13. Let h be l(-6). What is the units digit of u(h)?
3
Let m = 38 - 27. Let a(q) = q - 5. What is the units digit of a(m)?
6
Let d(q) = q**2 + 4. Let o be d(4). Suppose -4*l - l = o. Let y(h) = 2*h**2 + 6*h. What is the units digit of y(l)?
8
Suppose 3*z + 20 = m, 3*z + 2*m = -m - 36. What is the tens digit of 4/z*-2*17?
1
Let b = 15 - 26. Let c = 16 + b. Suppose 0*a - a = 3*y - 24, c*y - 52 = -3*a. What is the units digit of a?
9
Suppose 0 = 12*b - 17*b + 250. What is the units digit of b?
0
Let c(v) = -13*v**3 + 2*v**2 - 1. Let a be c(-1). Suppose 5*u = 16 + a. What is the units digit of u?
6
Let p(h) = 19*h**2 + 4*h - 19. What is the tens digit of p(4)?
0
Let w(d) = 3*d - 8. Let i be w(6). What is the units digit of i/1*(2 + -1)?
0
Let h(a) = a**2 + a. Let n(s) = s**3 - 2*s**2 - 4*s + 10. Let q(v) = 3*h(v) + n(v). What is the tens digit of q(0)?
1
Let u(w) = -10*w + 1. What is the units digit of u(-1)?
1
Let v be (136/6)/((-3)/(-9)). Let c be v/18 - (-6)/27. Let j = c + -2. What is the units digit of j?
2
Let a(l) = -8 + 8*l**2 - 6*l**2 + l - l**2. What is the units digit of a(-6)?
2
Let a = -12 + 22. What is the tens digit of a?
1
Suppose b - n = -74, b + 84 = -4*n - 10. What is the units digit of (-12)/8*b/9?
3
Suppose 4*v = -4*b + 124, 0*b + 3*v = -b + 27. What is the units digit of b?
3
Let f = 24 - -5. What is the units digit of f?
9
Suppose 87 - 125 = -2*b. What is the units digit of b?
9
Suppose -2*q + 4 = -0. Suppose r - 13 = -2*m, -q*m + 4*r + 8 = -0*m. What is the units digit of m?
6
Let a be 7/14 + (-50)/4. What is the units digit of 2/(-2*2/a)?
6
Let n = -114 - -171. What is the units digit of n?
7
Let g(m) = -m**3 - 3*m**2 - 3*m + 6. What is the units digit of g(-4)?
4
What is the tens digit of (-4)/(-10) - 286/(-10)?
2
Suppose -2*r + 2 = -6. Suppose -3*h + 3*j = -5 - r, -3*h = 3*j - 21. What is the units digit of h?
5
Suppose -5*i + 2*p - 49 = -223, 0 = 5*p - 15. What is the units digit of i?
6
Let z = 96 - 68. What is the tens digit of z?
2
Let j = -16 - -26. What is the units digit of j?
0
Suppose 16 = -i + 3*i - 4*w, 2*i - w = 10. What is the units digit of i?
4
Suppose 279 + 29 = 4*q. What is the tens digit of q?
7
What is the units digit of 2001/21 - (-8)/(-28)?
5
Let r = -2 + -8. Let a = 20 + r. What is the units digit of a?
0
Let g(o) = o - 2. Let i be ((-24)/15)/((-1)/5). What is the units digit of g(i)?
6
Let f = -22 - -36. Suppose -f + 4 = 5*v. What is the units digit of (5 - (-1 - v)) + -2?
2
Let q = -2 - -3. Let p be 1 - (1 + q) - 0. Let z = p - -4. What is the units digit of z?
3
Let p = -7 + 8. What is the units digit of -3*p - (4 + -9)?
2
Let w = 457 - 291. What is the tens digit of w?
6
Suppose -3 = 2*p - 9. Suppose -7 = 2*f + r - 67, -f + 40 = p*r. Suppose 4*s + 0*s = f. What is the units digit of s?
7
Suppose 0 = g + 3. What is the units digit of g/(-4) + 68/16?
5
Let v be (-2)/6 - 26/(-6). Suppose -4*h - 4*s + v = 0, 0 = -5*h - 3*s - s + 7. What is the units digit of (54/21)/(h/14)?
2
Suppose -2*s + 17 = -5. Suppose 3*d = -a - 10, -3*a + 4*d + 46 - s = 0. What is the units digit of a + -2*3 + 3?
2
Let x = -12 + -8. Let g = -12 - x. What is the units digit of g?
8
Let g(q) = q + 32. What is the tens digit of g(0)?
3
Let w(s) = s + 3 - 4 - 3 + 3. Let d be w(4). Suppose -2*r + 115 = 3*r + 3*f, 0 = 5*r - d*f - 85. What is the units digit of r?
0
Suppose -2 = 3*m + 4. Let t(d) = -12 + 4*d**3 + 10 - 2*d**3 - 3*d**3 - 3*d. What is the tens digit of t(m)?
1
Let p(m) = m**3 + 4*m**2 - 5*m + 2. Let a be p(-5). Let l be a - (-4 - 2/(-1)). Suppose 10 - 2 = l*c. What is the units digit of c?
2
Suppose -21*j = -23*j + 164. What is the tens digit of j?
8
Let c(g) = -g**3 + 4*g**2 + 5*g + 3. Suppose -6*h = -2*h + 16. Let l = 1 - h. What is the units digit of c(l)?
3
Suppose 0 = -3*z + 4*z. What is the units digit of (z - -8) + (0 - 1)?
7
Let d = 1 - -13. Let p = -4 + d. What is the units digit of p?
0
Suppose 0 = 4*t - 3*c - 25, 5*t + 3*c - 11 = -0*t. Suppose 2*k = -v - 3*k + t, 3*k = -4*v + 33. What is the units digit of v?
9
Let h = 35 - -7. What is the tens digit of h?
4
Let d be 4*(-2)/4*-1. Suppose 0*w - 4*b - 50 = -2*w, -d*w + 2*b + 42 = 0. What is the tens digit of w?
1
What is the tens digit of ((-5)/10)/((-1)/52)?
2
Let t = 1 - 0. Suppose t = -2*u + 5. What is the units digit of -1 + (10 - u/2)?
8
Let d(s) = -4 - 17*s - 4*s + 0 + 15*s. What is the tens digit of d(-7)?
3
Suppose 0*l = -4*l + 8. What is the units digit of 1 + l/((-2)/(-19))?
0
Suppose -188 = -5*k - 5*i + 107, 0 = -k + 5*i + 41. What is the tens digit of k?
5
Suppose -4*c + 12 = -8. Suppose -c*q - 4 = 16. What is the tens digit of (-3 - (q - -1)) + 14?
1
Suppose a + 4*s + 6 = 0, a + 3*s + 5 = -0*a. Let u(y) = -2*y**3 - y**2 + 2*y. What is the units digit of u(a)?
8
What is the tens digit of 2/(-16) + (-177)/(-8)?
2
Suppose -4*v - 74 = -718. What is the units digit of v?
1
Suppose 5*z - 5 = 4*z. Suppose -12*o + 17*o = z. What is the units digit of o?
1
Suppose 5*v - 40 = w - 4*w, -3*w = v - 32. Let l be 16/10 - (-4)/w. Suppose -2*o - l = 4*d - 0, 5*o = -3*d + 16. What is the units digit of o?
5
Let c be (-3)/(-6) + (-183)/(-2). Suppose -a - c = -5*a. What is the tens digit of a?
2
Let h(l) = l. Let p(y) = 2*y - 6. Let f be p(5). Let z be h(f). Suppose d - 2*d = -z. What is the units digit of d?
4
Suppose -40 + 108 = y. What is the units digit of y?
8
Let c(g) = -4*g**3 - g**2 - 3*g - 2. What is the units digit of c(-2)?
2
Let v = 7 + -17. Let n(b) = b**3 + 11*b**2 + 11*b + 10. Let a be n(v). Suppose a = -i - 4*h + h + 30, h = 4. What is the tens digit of i?
1
Let k(p) = 5*p**3 - 16*p**2 + 5*p + 18. Let s(a) = -2*a**3 + 5*a**2 - 2*a - 6. Let t(x) = 3*k(x) + 8*s(x). What is the units digit of t(-8)?
4
Let a(w) = 18*w. Let p be a(1). Let h = p + -11. What is the units digit of h?
7
Let d(r) = -12*r + 7. Let x(t) = -6*t + 3. Let s(m) = 2*d(m) - 5*x(m). Let b be (-180)/(-80) + 2/(-8). What is the units digit of s(b)?
1
Let s(i) = i**2 + 19. What is the tens digit of s(0)?
1
Suppose -16 + 5 = t. Let z = 49 + t. What is the units digit of z?
8
Let n be (24/16)/((-1)/(-6)). Suppose -4*q - 4*j = -n -